{"id":16,"date":"2024-07-13T11:43:22","date_gmt":"2024-07-13T11:43:22","guid":{"rendered":"https:\/\/musikgo.org\/?page_id=16"},"modified":"2024-10-27T21:51:48","modified_gmt":"2024-10-27T21:51:48","slug":"uber-uns","status":"publish","type":"page","link":"https:\/\/musikgo.org\/?page_id=16","title":{"rendered":"\u00dcber uns"},"content":{"rendered":"\r\n<h2 class=\"wp-block-heading\">\u00dcber MusikGo!<\/h2>\r\n\r\n\r\n\r\n<p>MusikGo! ist eine gemeinn\u00fctzige Musikorganisation, die von Studierenden in W\u00fcrzburg gegr\u00fcndet wurde. Wir setzen uns daf\u00fcr ein, durch Konzerte und Musiktherapie \u00e4lteren Menschen und Personen mit eingeschr\u00e4nkter Mobilit\u00e4t kulturelle Unterst\u00fctzung und seelischen Trost zu bieten. Unsere Mitglieder sind \u00fcberwiegend junge Musikliebhaber, die durch die Kraft der Musik Mitgef\u00fchl und Hoffnung verbreiten m\u00f6chten. Als studentische Organisation wollen wir nicht nur unsere musikalischen F\u00e4higkeiten weiterentwickeln, sondern auch durch unsere Musikaktivit\u00e4ten einen Beitrag zur Gesellschaft leisten.<\/p>\r\n","protected":false},"excerpt":{"rendered":"<p>\u00dcber MusikGo! MusikGo! ist eine gemeinn\u00fctzige Musikorganisation, die von Studierenden in W\u00fcrzburg gegr\u00fcndet wurde. Wir setzen uns daf\u00fcr ein, durch Konzerte und Musiktherapie \u00e4lteren Menschen und Personen mit eingeschr\u00e4nkter Mobilit\u00e4t kulturelle Unterst\u00fctzung und seelischen Trost zu bieten. Unsere Mitglieder sind \u00fcberwiegend junge Musikliebhaber, die durch die Kraft der Musik Mitgef\u00fchl und Hoffnung verbreiten m\u00f6chten. Als [&hellip;]<\/p>\n","protected":false},"author":1,"featured_media":0,"parent":0,"menu_order":0,"comment_status":"closed","ping_status":"closed","template":"","meta":{"footnotes":""},"class_list":["post-16","page","type-page","status-publish","hentry"],"_links":{"self":[{"href":"https:\/\/musikgo.org\/index.php?rest_route=\/wp\/v2\/pages\/16","targetHints":{"allow":["GET"]}}],"collection":[{"href":"https:\/\/musikgo.org\/index.php?rest_route=\/wp\/v2\/pages"}],"about":[{"href":"https:\/\/musikgo.org\/index.php?rest_route=\/wp\/v2\/types\/page"}],"author":[{"embeddable":true,"href":"https:\/\/musikgo.org\/index.php?rest_route=\/wp\/v2\/users\/1"}],"replies":[{"embeddable":true,"href":"https:\/\/musikgo.org\/index.php?rest_route=%2Fwp%2Fv2%2Fcomments&post=16"}],"version-history":[{"count":4,"href":"https:\/\/musikgo.org\/index.php?rest_route=\/wp\/v2\/pages\/16\/revisions"}],"predecessor-version":[{"id":122,"href":"https:\/\/musikgo.org\/index.php?rest_route=\/wp\/v2\/pages\/16\/revisions\/122"}],"wp:attachment":[{"href":"https:\/\/musikgo.org\/index.php?rest_route=%2Fwp%2Fv2%2Fmedia&parent=16"}],"curies":[{"name":"wp","href":"https:\/\/api.w.org\/{rel}","templated":true}]}}